
False
Let s = 9 + -26. Is s*(-1 - 0) - -2 a prime number?
True
Let m(x) = -17*x - 2. Let j(k) = -35*k - 5. Let n(b) = 4*j(b) - 10*m(b). Let q be n(1). Suppose 3*v + 6 = 0, 2*s - q = -4*v + 8. Is s composite?
False
Suppose 11*q - 9*q - 502 = 0. Is q prime?
True
Suppose 0 = -2*g - 1173 + 4931. Is g composite?
False
Let n(g) = -23*g**3 - g**2 - 2*g - 1. Suppose -5*z + 4*u - 17 = 0, -z + 2*u - 5 = 2. Is n(z) prime?
True
Let v(a) = 131*a + 13. Let p(z) = 197*z + 20. Let n(r) = 5*p(r) - 7*v(r). Is n(7) a composite number?
True
Let s(h) = h**3 - 6*h**2 + h. Let p be s(6). Suppose -2*r + 12 = -2*o - 166, 3*o = -p. Is r a prime number?
False
Let n(i) = -i**3 + 10*i**2 - i + 11. Let o be n(10). Is 93/9*3/o a prime number?
True
Let n(t) = t - 5. Let q be n(5). Suppose 3*b + q*b = 111. Is b a composite number?
False
Suppose -4*n + 3*n = 3*l + 38, 3*n = -3*l - 30. Suppose -3*o + 20 = o. Let a = o - l. Is a composite?
False
Let d be (-3)/12 + (-26)/(-8). Is d/(3/79) + -2 prime?
False
Suppose 3*l - 6541 = 5*d - 547, 3*l - 5973 = -2*d. Is l a composite number?
False
Let c = -18 + 73. Let b = c + 12. Is b prime?
True
Let y(z) = 15*z**2 - 2*z + 2. Suppose -2*k - 3*a = k - 18, 12 = -2*k + 4*a. Is y(k) a composite number?
True
Suppose 5*b = -3*i - 41, 2*i - 5*i = -2*b + 13. Let m(q) = q + 4. Let a be m(i). Let u(t) = 2*t**2 - t - 2. Is u(a) prime?
True
Suppose 0 = 3*o + 4 - 67. Let n(m) = 2*m**2 + 1. Let p be n(1). Suppose 0 = -p*k + o + 126. Is k prime?
False
Let m(i) = -i**3 - 7*i**2 - i - 3. Let t be m(-7). Let n(v) = -37*v + 3 - 2 + t + 135*v. Is n(4) a prime number?
True
Suppose 0 = -7*v + 3*v + 8. Suppose -v*o + 3*y = 41, -o - y - 30 + 7 = 0. Let l = o + 55. Is l prime?
False
Let n be (-2)/(-3)*(-2 - 13). Let g(z) be the third derivative of -z**5/60 - 5*z**4/8 - z**3/2 + 22*z**2. Is g(n) a composite number?
False
Let q(y) = -24*y**2 + 2*y + 1. Let z be q(2). Suppose 0 = -3*d - 1 - 65. Let s = d - z. Is s a composite number?
True
Suppose -2*j + 7*j - 170 = 0. Is j prime?
False
Let g = 63 - 36. Let m = 59 - g. Suppose -2*w + 60 = 2*w + 2*b, 2*w = -2*b + m. Is w composite?
True
Let m(q) = -q**3 + 6*q + 1. Let k be m(-4). Let l = k + -16. Is l a prime number?
False
Suppose -4*r = -0*r. Suppose -4*o = 1 - 9. Is (23 - o) + 0 + r composite?
True
Let u be (-2)/(-3 + 1) - 156. Let a = -100 - u. Is a composite?
True
Is (-3)/(15/(-2)) - (-31458)/30 a composite number?
False
Let f(g) = 10*g**2 + 8*g - 3. Let b(n) = 9*n**2 + 3*n + 2. Let r be b(-1). Is f(r) prime?
True
Suppose -3*b + 5*b - 382 = 0. Is b composite?
False
Suppose 0 = 2*w + 3*w - 1300. Suppose 0*s - w = -4*s. Is s prime?
False
Let g be -2 + 0 - (0 - -1). Let w = g + 7. Is (-10)/(-5)*134/w a prime number?
True
Let z(a) = 22*a**2 - 2*a + 3. Is z(7) a composite number?
True
Is ((-368)/(-4))/1 + -1 prime?
False
Let h be 3 - 1 - (-1 + -23). Suppose -4*r - 5*l + h = 0, -r - 5*l + 17 = 3. Suppose -r*a + d + 46 = -41, -2*d - 42 = -2*a. Is a a prime number?
False
Let g(x) = 2 + 4*x - 7 - 34*x**2 + x**3 + 43*x**2. Is g(-4) prime?
True
Suppose -8*z = -9*z - 301. Let j = -142 - z. Is j a prime number?
False
Let t(p) = 111*p**2 - 4*p - 2. Is t(-3) composite?
False
Let v(l) = 67*l**2 + l - 1. Let x = -26 + 27. Is v(x) a composite number?
False
Let r be (-1)/(-4) + (-17)/4. Let n be r/3 + (-6)/9. Let i(j) = 9*j**2 + 3*j + 3. Is i(n) a prime number?
False
Suppose 5*s = 4*s + 2971. Is s composite?
False
Let g = -866 - -1851. Is g a composite number?
True
Suppose o = -0*o + 251. Is o a composite number?
False
Let n = 626 - -8. Is n composite?
True
Let i = 345 + -29. Suppose 6*w + 106 = i. Is w a prime number?
False
Let i = -353 - -532. Is i a prime number?
True
Suppose -4*n = -3*n + 5*v - 101, 0 = -4*n + 4*v + 476. Suppose s + 43 = n. Suppose -a = 3*a + r - s, -31 = -a + 4*r. Is a a composite number?
False
Let b = 8 - 4. Suppose -2*d + 4*v = -126, -280 = -b*d - 3*v + 16. Is d composite?
False
Let c(t) = -t - 2. Let q be c(-6). Suppose -2 = -v - q. Let n = v - -4. Is n composite?
False
Suppose 3*a - 2*f + 4*f - 1189 = 0, -f = 1. Is a composite?
False
Let q = -14 + 17. Let p = q - -16. Is p prime?
True
Suppose 10*p = 14*p - 3812. Is p a prime number?
True
Suppose 0*u = u - 18. Let a = u - 13. Suppose 4*f = -s + 88, a*s - 2*s - 103 = -5*f. Is f a composite number?
False
Suppose -4*j - 2*a = -1008, 0*a + 6 = 3*a. Is j prime?
True
Let w = -398 + 621. Is w a composite number?
False
Let y(s) = -s - 17. Let m be y(-15). Is 752/24 + m/6 a prime number?
True
Suppose -1194 - 851 = -5*q. Is q a prime number?
True
Let r = 39 + -13. Is r a composite number?
True
Suppose 0 = -4*n + 5*n. Suppose n = 2*k - 0*k. Suppose k = -0*r + 4*r - 52. Is r prime?
True
Let n(w) be the second derivative of -w**4/6 - w**3/3 - 3*w**2/2 - 3*w. Let z be n(-5). Let v = z + 74. Is v composite?
False
Let o = 127 - 38. Let z = 252 - o. Is z a composite number?
False
Let u(r) = 0 + 126*r + 1 - 2. Is u(2) prime?
True
Suppose 3 = -2*r + 1. Let a be 0 + r/((-1)/(-2)). Is (3/a)/((-1)/4) composite?
True
Suppose 6 + 3 = 3*m. Suppose -7 + 1 = -m*r. Suppose 14 = r*k - k. Is k prime?
False
Let g(s) = -3*s + 9. Let v(u) = 1. Let i(z) = g(z) + 4*v(z). Is i(-8) prime?
True
Let o = 7 - 5. Let m = -4 + o. Is 2/((-3)/(93/m)) prime?
True
Suppose 1651 + 5935 = 2*r. Is r prime?
True
Suppose -4*w = -3*x - x - 452, 2*x - w = -228. Let c = x - -198. Is c prime?
True
Suppose -3*k = 3*r - 798, -k - 4*r = -5*r - 268. Is k composite?
True
Let c = 205 - 70. Suppose 0*w + c = w + 4*x, w = -5*x + 139. Is w a composite number?
True
Let z(x) = x**2 + 2*x. Let f be z(5). Is (1*f)/1 - -2 composite?
False
Let k = -2 + 3. Suppose 3*u - k + 13 = 0, -3*u - 208 = -4*t. Is t a prime number?
False
Let c(g) = 2*g + 19. Is c(7) a composite number?
True
Let i be 203 + -1 + 0 + -2. Let w = i + -103. Is w a composite number?
False
Let v be 0 - (-1)/(-1) - -5. Suppose 2 = v*b - 26. Is b prime?
True
Let x(r) = -182*r + 9. Is x(-5) a prime number?
True
Suppose -k = -5 + 1. Suppose 0 = m - 15 + k. Is m a prime number?
True
Let l = -7 + 6. Is 0 + (l - -41) + -3 composite?
False
Suppose -2*n + 20 = 3*n. Suppose -2*r + 3*m = -38, -n*r + 4*m = -0*m - 84. Is r a composite number?
True
Let p be 3*2/(-4)*2. Is (-1)/p + 274/6 prime?
False
Let w be -1*(2 - 5)/(-1). Let k be (12/(-9) - -2)*w. Is (-70)/(-5) + k/2 prime?
True
Let y(d) = d**3 - 22*d**2 + 10*d - 40. Is y(23) composite?
False
Suppose -2 - 18 = -5*h + 2*x, -2*h + 4*x = -8. Let v = -2 - h. Let o(b) = -10*b - 9. Is o(v) a prime number?
False
Let o(u) = -u**3 - 6*u**2 - 4*u + 3. Let t be o(-5). Let r = -1 - t. Suppose i - r = 10. Is i a prime number?
True
Is (-19*2)/(-2)*(-3 + 4) a composite number?
False
Let z be 101*6*(-2)/4. Suppose 5*s + 872 = 3*s. Let d = z - s. Is d prime?
False
Let h(m) = -44*m + 23. Is h(-12) composite?
True
Suppose -138 - 144 = -2*j. Is j a composite number?
True
Let v(w) = w**3 - 2*w**2. Let y be v(1). Suppose -5*k - 4*l = -k + 4, -k - 2*l = 2. Is (-16 + 2 - k)/y a prime number?
False
Suppose 3*g + 2*x = -20, 4*x = 2*g + 8*x + 16. Let k(w) = w**3 + 6*w**2 - 8*w + 5. Is k(g) prime?
True
Suppose 0 = 4*w - 9*w + 15. Let x = 2 + w. Suppose 4*f - 95 - 100 = -5*m, -x*f = -25. Is m a prime number?
False
Let t(u) = u**3 + 3*u**2 + 9*u. Let l = -7 - -14. Is t(l) prime?
False
Let k be -1*(1 - 3 - 2). Suppose 4*r - 435 = 5*c, -k*r + 0*c + 455 = -c. Is r a composite number?
True
Is (4/(-8))/(3/(-5322)) prime?
True
Suppose -2*f + 4*x + 25 = -87, 2*f - 3*x - 107 = 0. Is f a composite number?
True
Suppose -2*c - 2*t - 31 = 3*t, -3*c + t - 4 = 0. Is (-4)/(-2) + c + 20 composite?
False
Let b(t) = -t**3 + 9*t**2 - 5. Is b(8) a prime number?
True
Suppose -7194 = -2*h + 2*x, -x + 16 = -5*x. Is h prime?
True
Let h(r) = 84*r + 83. Is h(21) a composite number?
False
Let g(m) be the third derivative of m**6/120 - m**5/60 - 3*m**2. Let s be g(1). Suppose s = 5*u - 2*u - 165. Is u a prime number?
False
Let o = 31 + -16. Is o composite?
True
Let p = -194 - -137. Suppose -22 = 2*l + 4*c, 1 = 2*c + 9. Is 1/(l/p*1) composite?
False
Let w = 2 + 10. Is ((-33)/w - 2)*-4 composite?
False
Let u(l) = -110*l + 33. Is u(-8) a prime number?
False
Let j be ((-122)/4)/((-2)/(-4)). Let d(i) = 11*i - 14. Let u be d(4). Let l = u - j. Is l a prime number?
False
Is -134*(44